{"id":14,"date":"2023-10-06T11:14:04","date_gmt":"2023-10-06T11:14:04","guid":{"rendered":"https:\/\/www.bhairavidevi.com\/?page_id=14"},"modified":"2023-10-22T11:01:39","modified_gmt":"2023-10-22T11:01:39","slug":"uvodni-stranka","status":"publish","type":"page","link":"https:\/\/www.bhairavidevi.com\/","title":{"rendered":"\u00davodn\u00ed str\u00e1nka"},"content":{"rendered":"\n<div class=\"wp-block-columns is-layout-flex wp-container-core-columns-is-layout-9d6595d7 wp-block-columns-is-layout-flex\">\n<div class=\"wp-block-column is-layout-flow wp-block-column-is-layout-flow\" style=\"flex-basis:100%\">\n<div class=\"wp-block-cover alignfull is-light hestia-clear-top-padding\"><span aria-hidden=\"true\" class=\"wp-block-cover__background has-white-background-color has-background-dim-100 has-background-dim\"><\/span><div class=\"wp-block-cover__inner-container is-layout-flow wp-block-cover-is-layout-flow\">\n<h2 class=\"wp-block-heading has-text-align-center has-text-color\" style=\"color:#3c4858\">SURROUND YOURSELF WITH BHAIRAVI DEVI<\/h2>\n\n\n\n<p class=\"has-text-align-center\"><strong>A powerful feminine energy form of a linga created by Sadhguru. <\/strong><\/p>\n\n\n\n<p class=\"has-text-align-center\"><strong>She can appear in different colors because each color has the ability to reject, give and reflect in a unique way.<\/strong><\/p>\n\n\n\n<div style=\"height:40px\" aria-hidden=\"true\" class=\"wp-block-spacer\"><\/div>\n\n\n\n<div class=\"wp-block-columns container is-layout-flex wp-container-core-columns-is-layout-9d6595d7 wp-block-columns-is-layout-flex\">\n<div class=\"wp-block-column is-layout-flow wp-block-column-is-layout-flow\"><div class=\"wp-block-image is-style-rounded\">\n<figure class=\"aligncenter size-large is-resized\"><img loading=\"lazy\" decoding=\"async\" width=\"457\" height=\"1024\" src=\"http:\/\/www.bhairavidevi.com\/wp-content\/uploads\/2023\/10\/Screenshot_20231002_174849_Gallery-1-457x1024.jpg\" alt=\"\" class=\"wp-image-131\" style=\"aspect-ratio:0.5625;object-fit:cover;width:261px;height:auto\" srcset=\"https:\/\/www.bhairavidevi.com\/wp-content\/uploads\/2023\/10\/Screenshot_20231002_174849_Gallery-1-457x1024.jpg 457w, https:\/\/www.bhairavidevi.com\/wp-content\/uploads\/2023\/10\/Screenshot_20231002_174849_Gallery-1-134x300.jpg 134w, https:\/\/www.bhairavidevi.com\/wp-content\/uploads\/2023\/10\/Screenshot_20231002_174849_Gallery-1-768x1722.jpg 768w, https:\/\/www.bhairavidevi.com\/wp-content\/uploads\/2023\/10\/Screenshot_20231002_174849_Gallery-1-685x1536.jpg 685w, https:\/\/www.bhairavidevi.com\/wp-content\/uploads\/2023\/10\/Screenshot_20231002_174849_Gallery-1-913x2048.jpg 913w, https:\/\/www.bhairavidevi.com\/wp-content\/uploads\/2023\/10\/Screenshot_20231002_174849_Gallery-1.jpg 1023w\" sizes=\"auto, (max-width: 457px) 100vw, 457px\" \/><\/figure>\n<\/div>\n\n\n<h1 class=\"wp-block-heading has-text-align-center has-text-color\" style=\"color:#3c4858;font-size:18px\">BHAIRAVI DEVI <\/h1>\n\n\n\n<h1 class=\"wp-block-heading has-text-align-center has-text-color\" style=\"color:#3c4858;font-size:18px\">F A B R I C<\/h1>\n\n\n\n<h1 class=\"wp-block-heading has-text-align-center has-text-color\" style=\"color:#3c4858;font-size:18px\"><strong>Material: 100% PES, Weight: 200g\/m2, Size: 155&#215;95 cm. <\/strong><\/h1>\n\n\n\n<h1 class=\"wp-block-heading has-text-align-center has-text-color\" style=\"color:#3c4858;font-size:18px\"><strong>You can choose from 36 different unique designs. Which one is your favorite?<\/strong><\/h1>\n\n\n\n<div style=\"height:25px\" aria-hidden=\"true\" class=\"wp-block-spacer\"><\/div>\n<\/div>\n\n\n\n<div class=\"wp-block-column is-layout-flow wp-block-column-is-layout-flow\"><div class=\"wp-block-image is-style-rounded\">\n<figure class=\"aligncenter size-large is-resized\"><img loading=\"lazy\" decoding=\"async\" width=\"576\" height=\"1024\" src=\"https:\/\/www.bhairavidevi.com\/wp-content\/uploads\/2023\/10\/20231022_124306-576x1024.jpg\" alt=\"\" class=\"wp-image-144\" style=\"aspect-ratio:9\/16;object-fit:cover;width:265px;height:auto\" srcset=\"https:\/\/www.bhairavidevi.com\/wp-content\/uploads\/2023\/10\/20231022_124306-576x1024.jpg 576w, https:\/\/www.bhairavidevi.com\/wp-content\/uploads\/2023\/10\/20231022_124306-169x300.jpg 169w, https:\/\/www.bhairavidevi.com\/wp-content\/uploads\/2023\/10\/20231022_124306-768x1365.jpg 768w, https:\/\/www.bhairavidevi.com\/wp-content\/uploads\/2023\/10\/20231022_124306-864x1536.jpg 864w, https:\/\/www.bhairavidevi.com\/wp-content\/uploads\/2023\/10\/20231022_124306-1152x2048.jpg 1152w, https:\/\/www.bhairavidevi.com\/wp-content\/uploads\/2023\/10\/20231022_124306-scaled.jpg 1440w\" sizes=\"auto, (max-width: 576px) 100vw, 576px\" \/><\/figure>\n<\/div>\n\n\n<h1 class=\"wp-block-heading has-text-align-center has-text-color\" style=\"color:#3c4858;font-size:18px\">BHAIRAVI DEVI <\/h1>\n\n\n\n<h1 class=\"wp-block-heading has-text-align-center has-text-color\" style=\"color:#3c4858;font-size:18px\">D R E S S<\/h1>\n\n\n\n<h1 class=\"wp-block-heading has-text-align-center has-text-color\" style=\"color:#3c4858;font-size:18px\"><strong>A unique dress made from <strong>100% PES<\/strong> which is very pleasant to the touch. It will be made according to your preferences.<\/strong><\/h1>\n\n\n\n<div style=\"height:25px\" aria-hidden=\"true\" class=\"wp-block-spacer\"><\/div>\n<\/div>\n\n\n\n<div class=\"wp-block-column is-layout-flow wp-block-column-is-layout-flow\">\n<div class=\"wp-block-group\"><div class=\"wp-block-group__inner-container is-layout-constrained wp-block-group-is-layout-constrained\"><div class=\"wp-block-image is-style-rounded\">\n<figure class=\"aligncenter size-large is-resized\"><img loading=\"lazy\" decoding=\"async\" width=\"576\" height=\"1024\" src=\"https:\/\/www.bhairavidevi.com\/wp-content\/uploads\/2023\/10\/20231020_103314-576x1024.jpg\" alt=\"\" class=\"wp-image-145\" style=\"aspect-ratio:9\/16;object-fit:cover;width:272px;height:auto\" srcset=\"https:\/\/www.bhairavidevi.com\/wp-content\/uploads\/2023\/10\/20231020_103314-576x1024.jpg 576w, https:\/\/www.bhairavidevi.com\/wp-content\/uploads\/2023\/10\/20231020_103314-169x300.jpg 169w, https:\/\/www.bhairavidevi.com\/wp-content\/uploads\/2023\/10\/20231020_103314-768x1365.jpg 768w, https:\/\/www.bhairavidevi.com\/wp-content\/uploads\/2023\/10\/20231020_103314-864x1536.jpg 864w, https:\/\/www.bhairavidevi.com\/wp-content\/uploads\/2023\/10\/20231020_103314-1152x2048.jpg 1152w, https:\/\/www.bhairavidevi.com\/wp-content\/uploads\/2023\/10\/20231020_103314-scaled.jpg 1440w\" sizes=\"auto, (max-width: 576px) 100vw, 576px\" \/><\/figure>\n<\/div><\/div><\/div>\n\n\n\n<h1 class=\"wp-block-heading has-text-align-center has-text-color\" style=\"color:#3c4858;font-size:18px\">BHAIRAVI DEVI <\/h1>\n\n\n\n<h1 class=\"wp-block-heading has-text-align-center has-text-color\" style=\"color:#3c4858;font-size:18px\">P I L L O W<\/h1>\n\n\n\n<h1 class=\"wp-block-heading has-text-align-center has-text-color\" style=\"color:#3c4858;font-size:18px\"><strong>Beautifully soft pillow 40&#215;40 cm with hypoallergenic filling, 100% polyester. The cover has a zipper and it&#8217;s washable.<\/strong><\/h1>\n\n\n\n<div style=\"height:25px\" aria-hidden=\"true\" class=\"wp-block-spacer\"><\/div>\n<\/div>\n<\/div>\n\n\n\n<div style=\"height:40px\" aria-hidden=\"true\" class=\"wp-block-spacer\"><\/div>\n<\/div><\/div>\n<\/div>\n<\/div>\n\n\n\n<div class=\"wp-block-columns container is-layout-flex wp-container-core-columns-is-layout-9d6595d7 wp-block-columns-is-layout-flex\">\n<div class=\"wp-block-column col-md-5 is-layout-flow wp-block-column-is-layout-flow\">\n<div style=\"height:55px\" aria-hidden=\"true\" class=\"wp-block-spacer\"><\/div>\n\n\n\n<h2 class=\"wp-block-heading\">CONTACT<\/h2>\n\n\n\n<p>iveta.hanko@gmail.com<\/p>\n<\/div>\n\n\n\n<div class=\"wp-block-column col-md-6 col-md-offset1 is-layout-flow wp-block-column-is-layout-flow\">\n<div style=\"height:55px\" aria-hidden=\"true\" class=\"wp-block-spacer\"><\/div>\n<\/div>\n<\/div>\n","protected":false},"excerpt":{"rendered":"<p>CONTACT iveta.hanko@gmail.com<\/p>\n","protected":false},"author":1,"featured_media":4,"parent":0,"menu_order":0,"comment_status":"closed","ping_status":"closed","template":"","meta":{"footnotes":""},"class_list":["post-14","page","type-page","status-publish","has-post-thumbnail","hentry"],"_links":{"self":[{"href":"https:\/\/www.bhairavidevi.com\/index.php?rest_route=\/wp\/v2\/pages\/14","targetHints":{"allow":["GET"]}}],"collection":[{"href":"https:\/\/www.bhairavidevi.com\/index.php?rest_route=\/wp\/v2\/pages"}],"about":[{"href":"https:\/\/www.bhairavidevi.com\/index.php?rest_route=\/wp\/v2\/types\/page"}],"author":[{"embeddable":true,"href":"https:\/\/www.bhairavidevi.com\/index.php?rest_route=\/wp\/v2\/users\/1"}],"replies":[{"embeddable":true,"href":"https:\/\/www.bhairavidevi.com\/index.php?rest_route=%2Fwp%2Fv2%2Fcomments&post=14"}],"version-history":[{"count":14,"href":"https:\/\/www.bhairavidevi.com\/index.php?rest_route=\/wp\/v2\/pages\/14\/revisions"}],"predecessor-version":[{"id":151,"href":"https:\/\/www.bhairavidevi.com\/index.php?rest_route=\/wp\/v2\/pages\/14\/revisions\/151"}],"wp:featuredmedia":[{"embeddable":true,"href":"https:\/\/www.bhairavidevi.com\/index.php?rest_route=\/wp\/v2\/media\/4"}],"wp:attachment":[{"href":"https:\/\/www.bhairavidevi.com\/index.php?rest_route=%2Fwp%2Fv2%2Fmedia&parent=14"}],"curies":[{"name":"wp","href":"https:\/\/api.w.org\/{rel}","templated":true}]}}